{"id":420,"date":"2022-08-30T15:08:45","date_gmt":"2022-08-30T15:08:45","guid":{"rendered":"https:\/\/classicfest.pt\/?page_id=420"},"modified":"2024-09-03T16:56:25","modified_gmt":"2024-09-03T16:56:25","slug":"braganca-2023","status":"publish","type":"page","link":"https:\/\/classicfest.pt\/pt\/braganca-2023\/","title":{"rendered":"Braganca 2023"},"content":{"rendered":"\t\t<div data-elementor-type=\"wp-page\" data-elementor-id=\"420\" class=\"elementor elementor-420\" data-elementor-post-type=\"page\">\n\t\t\t\t\t\t<section class=\"elementor-section elementor-top-section elementor-element elementor-element-352c475 elementor-section-boxed elementor-section-height-default elementor-section-height-default\" data-id=\"352c475\" data-element_type=\"section\" data-e-type=\"section\">\n\t\t\t\t\t\t<div class=\"elementor-container elementor-column-gap-default\">\n\t\t\t\t\t<div class=\"elementor-column elementor-col-16 elementor-top-column elementor-element elementor-element-ba6c8bf\" data-id=\"ba6c8bf\" data-element_type=\"column\" data-e-type=\"column\">\n\t\t\t<div class=\"elementor-widget-wrap\">\n\t\t\t\t\t\t\t<\/div>\n\t\t<\/div>\n\t\t\t\t<div class=\"elementor-column elementor-col-66 elementor-top-column elementor-element elementor-element-da10cf0\" data-id=\"da10cf0\" data-element_type=\"column\" data-e-type=\"column\">\n\t\t\t<div class=\"elementor-widget-wrap elementor-element-populated\">\n\t\t\t\t\t\t<div class=\"elementor-element elementor-element-fac58ff elementor-widget elementor-widget-image\" data-id=\"fac58ff\" data-element_type=\"widget\" data-e-type=\"widget\" data-widget_type=\"image.default\">\n\t\t\t\t<div class=\"elementor-widget-container\">\n\t\t\t\t\t\t\t\t\t\t\t\t\t\t\t<img fetchpriority=\"high\" decoding=\"async\" width=\"1496\" height=\"626\" src=\"https:\/\/classicfest.pt\/wp-content\/uploads\/2021\/09\/PO-06532-e1630960453336.jpg\" class=\"attachment-1536x1536 size-1536x1536 wp-image-701\" alt=\"\" srcset=\"https:\/\/classicfest.pt\/wp-content\/uploads\/2021\/09\/PO-06532-e1630960453336.jpg 1496w, https:\/\/classicfest.pt\/wp-content\/uploads\/2021\/09\/PO-06532-e1630960453336-300x126.jpg 300w, https:\/\/classicfest.pt\/wp-content\/uploads\/2021\/09\/PO-06532-e1630960453336-1024x428.jpg 1024w, https:\/\/classicfest.pt\/wp-content\/uploads\/2021\/09\/PO-06532-e1630960453336-768x321.jpg 768w\" sizes=\"(max-width: 1496px) 100vw, 1496px\" \/>\t\t\t\t\t\t\t\t\t\t\t\t\t\t\t<\/div>\n\t\t\t\t<\/div>\n\t\t\t\t\t<\/div>\n\t\t<\/div>\n\t\t\t\t<div class=\"elementor-column elementor-col-16 elementor-top-column elementor-element elementor-element-25f8792\" data-id=\"25f8792\" data-element_type=\"column\" data-e-type=\"column\">\n\t\t\t<div class=\"elementor-widget-wrap\">\n\t\t\t\t\t\t\t<\/div>\n\t\t<\/div>\n\t\t\t\t\t<\/div>\n\t\t<\/section>\n\t\t\t\t<section class=\"elementor-section elementor-top-section elementor-element elementor-element-6aca0bf7 elementor-section-boxed elementor-section-height-default elementor-section-height-default\" data-id=\"6aca0bf7\" data-element_type=\"section\" data-e-type=\"section\">\n\t\t\t\t\t\t<div class=\"elementor-container elementor-column-gap-default\">\n\t\t\t\t\t<div class=\"elementor-column elementor-col-16 elementor-top-column elementor-element elementor-element-434d6438\" data-id=\"434d6438\" data-element_type=\"column\" data-e-type=\"column\">\n\t\t\t<div class=\"elementor-widget-wrap\">\n\t\t\t\t\t\t\t<\/div>\n\t\t<\/div>\n\t\t\t\t<div class=\"elementor-column elementor-col-66 elementor-top-column elementor-element elementor-element-35e5808b\" data-id=\"35e5808b\" data-element_type=\"column\" data-e-type=\"column\">\n\t\t\t<div class=\"elementor-widget-wrap elementor-element-populated\">\n\t\t\t\t\t\t<div class=\"elementor-element elementor-element-1474f0e2 elementor-widget elementor-widget-text-editor\" data-id=\"1474f0e2\" data-element_type=\"widget\" data-e-type=\"widget\" data-widget_type=\"text-editor.default\">\n\t\t\t\t<div class=\"elementor-widget-container\">\n\t\t\t\t\t\t\t\t\t<p>BRAGAN\u00c7A<\/p>\t\t\t\t\t\t\t\t<\/div>\n\t\t\t\t<\/div>\n\t\t\t\t<div class=\"elementor-element elementor-element-696521cf elementor-widget elementor-widget-text-editor\" data-id=\"696521cf\" data-element_type=\"widget\" data-e-type=\"widget\" data-widget_type=\"text-editor.default\">\n\t\t\t\t<div class=\"elementor-widget-container\">\n\t\t\t\t\t\t\t\t\t<h4><b>Patrim\u00f3nio<\/b><\/h4><p>Bragan\u00e7a conserva um patrim\u00f3nio \u00edmpar, num centro hist\u00f3rico compacto, que facilmente se percorre a p\u00e9. As suas pedras gastas s\u00e3o testemunhas de uma Hist\u00f3ria atribulada, que remonta \u00e0 Idade do Bronze. Por aqui passaram romanos, suevos e visigodos, prosseguindo com combates que ajudaram a estabelecer as linhas de fronteira e a import\u00e2ncia estrat\u00e9gica do burgo.<\/p><h4><b>Cultura<\/b><\/h4><p>Em Bragan\u00e7a, os caminhos para o futuro assentam em tradi\u00e7\u00f5es com origens milenares. Nesta cidade din\u00e2mica, com uma ecl\u00e9tica oferta cultural, a arquitetura contempor\u00e2nea convive com desfiles de caretos (mascarados que evocam rituais de inicia\u00e7\u00e3o) e os v\u00e1rios museus exp\u00f5em tanto a heran\u00e7a etnogr\u00e1fica da regi\u00e3o como as \u00faltimas cria\u00e7\u00f5es de artistas consagrados.<\/p><h4><b>Natureza<\/b><\/h4><p>Poucos territ\u00f3rios possuem biodiversidade t\u00e3o rica como o Parque Natural de Montesinho, situado \u00e0s portas de Bragan\u00e7a. Com oitenta por cento dos mam\u00edferos que ocorrem em Portugal, s\u00f3 aqui se poder\u00e1 deparar com um grupo de veados junto \u00e0 estrada, avistar um cor\u00e7o a alimentar-se num carvalhal, descobrir sinais da presen\u00e7a de javalis num prado ou escutar o uivo de um lobo.<\/p><h4><b>Gastronomia<\/b><\/h4><p>A gastronomia de Bragan\u00e7a destaca-se pela qualidade dos seus produtos, com sabores e aromas que parecem exalar das paisagens de onde prov\u00eam. A confe\u00e7\u00e3o simples \u00e9 orientada por m\u00e3os s\u00e1bias, que conhecem bem a origem dos ingredientes, muitas vezes trazidos directamente da horta para a cozinha.<\/p>\t\t\t\t\t\t\t\t<\/div>\n\t\t\t\t<\/div>\n\t\t\t\t<div class=\"elementor-element elementor-element-e1ccfbf elementor-widget elementor-widget-spacer\" data-id=\"e1ccfbf\" data-element_type=\"widget\" data-e-type=\"widget\" data-widget_type=\"spacer.default\">\n\t\t\t\t<div class=\"elementor-widget-container\">\n\t\t\t\t\t\t\t<div class=\"elementor-spacer\">\n\t\t\t<div class=\"elementor-spacer-inner\"><\/div>\n\t\t<\/div>\n\t\t\t\t\t\t<\/div>\n\t\t\t\t<\/div>\n\t\t\t\t\t<\/div>\n\t\t<\/div>\n\t\t\t\t<div class=\"elementor-column elementor-col-16 elementor-top-column elementor-element elementor-element-6d2c68f8\" data-id=\"6d2c68f8\" data-element_type=\"column\" data-e-type=\"column\">\n\t\t\t<div class=\"elementor-widget-wrap\">\n\t\t\t\t\t\t\t<\/div>\n\t\t<\/div>\n\t\t\t\t\t<\/div>\n\t\t<\/section>\n\t\t\t\t<\/div>\n\t\t","protected":false},"excerpt":{"rendered":"<p>BRAGAN\u00c7A Patrim\u00f3nio Bragan\u00e7a conserva um patrim\u00f3nio \u00edmpar, num centro hist\u00f3rico compacto, que facilmente se percorre a p\u00e9. As suas pedras gastas s\u00e3o testemunhas de uma Hist\u00f3ria atribulada, que remonta \u00e0 Idade do Bronze. Por aqui passaram romanos, suevos e visigodos, prosseguindo com combates que ajudaram a estabelecer as linhas de fronteira e a import\u00e2ncia estrat\u00e9gica [&hellip;]<\/p>\n","protected":false},"author":5,"featured_media":0,"parent":0,"menu_order":0,"comment_status":"closed","ping_status":"closed","template":"","meta":{"_acf_changed":false,"footnotes":""},"class_list":["post-420","page","type-page","status-publish","hentry","entry"],"acf":[],"_links":{"self":[{"href":"https:\/\/classicfest.pt\/pt\/wp-json\/wp\/v2\/pages\/420","targetHints":{"allow":["GET"]}}],"collection":[{"href":"https:\/\/classicfest.pt\/pt\/wp-json\/wp\/v2\/pages"}],"about":[{"href":"https:\/\/classicfest.pt\/pt\/wp-json\/wp\/v2\/types\/page"}],"author":[{"embeddable":true,"href":"https:\/\/classicfest.pt\/pt\/wp-json\/wp\/v2\/users\/5"}],"replies":[{"embeddable":true,"href":"https:\/\/classicfest.pt\/pt\/wp-json\/wp\/v2\/comments?post=420"}],"version-history":[{"count":72,"href":"https:\/\/classicfest.pt\/pt\/wp-json\/wp\/v2\/pages\/420\/revisions"}],"predecessor-version":[{"id":17315,"href":"https:\/\/classicfest.pt\/pt\/wp-json\/wp\/v2\/pages\/420\/revisions\/17315"}],"wp:attachment":[{"href":"https:\/\/classicfest.pt\/pt\/wp-json\/wp\/v2\/media?parent=420"}],"curies":[{"name":"wp","href":"https:\/\/api.w.org\/{rel}","templated":true}]}}

<div data-elementor-type="wp-page" data-elementor-id="420" class="elementor elementor-420" data-elementor-post-type="page">
						<section class="elementor-section elementor-top-section elementor-element elementor-element-352c475 elementor-section-boxed elementor-section-height-default elementor-section-height-default" data-id="352c475" data-element_type="section" data-e-type="section">
						<div class="elementor-container elementor-column-gap-default">
					<div class="elementor-column elementor-col-16 elementor-top-column elementor-element elementor-element-ba6c8bf" data-id="ba6c8bf" data-element_type="column" data-e-type="column">
			<div class="elementor-widget-wrap">
							</div>
		</div>
				<div class="elementor-column elementor-col-66 elementor-top-column elementor-element elementor-element-da10cf0" data-id="da10cf0" data-element_type="column" data-e-type="column">
			<div class="elementor-widget-wrap elementor-element-populated">
						<div class="elementor-element elementor-element-fac58ff elementor-widget elementor-widget-image" data-id="fac58ff" data-element_type="widget" data-e-type="widget" data-widget_type="image.default">
				<div class="elementor-widget-container">
															<img fetchpriority="high" decoding="async" width="1496" height="626" src="https://classicfest.pt/wp-content/uploads/2021/09/PO-06532-e1630960453336.jpg" class="attachment-1536x1536 size-1536x1536 wp-image-701" alt="" srcset="https://classicfest.pt/wp-content/uploads/2021/09/PO-06532-e1630960453336.jpg 1496w, https://classicfest.pt/wp-content/uploads/2021/09/PO-06532-e1630960453336-300x126.jpg 300w, https://classicfest.pt/wp-content/uploads/2021/09/PO-06532-e1630960453336-1024x428.jpg 1024w, https://classicfest.pt/wp-content/uploads/2021/09/PO-06532-e1630960453336-768x321.jpg 768w" sizes="(max-width: 1496px) 100vw, 1496px" />															</div>
				</div>
					</div>
		</div>
				<div class="elementor-column elementor-col-16 elementor-top-column elementor-element elementor-element-25f8792" data-id="25f8792" data-element_type="column" data-e-type="column">
			<div class="elementor-widget-wrap">
							</div>
		</div>
					</div>
		</section>
				<section class="elementor-section elementor-top-section elementor-element elementor-element-6aca0bf7 elementor-section-boxed elementor-section-height-default elementor-section-height-default" data-id="6aca0bf7" data-element_type="section" data-e-type="section">
						<div class="elementor-container elementor-column-gap-default">
					<div class="elementor-column elementor-col-16 elementor-top-column elementor-element elementor-element-434d6438" data-id="434d6438" data-element_type="column" data-e-type="column">
			<div class="elementor-widget-wrap">
							</div>
		</div>
				<div class="elementor-column elementor-col-66 elementor-top-column elementor-element elementor-element-35e5808b" data-id="35e5808b" data-element_type="column" data-e-type="column">
			<div class="elementor-widget-wrap elementor-element-populated">
						<div class="elementor-element elementor-element-1474f0e2 elementor-widget elementor-widget-text-editor" data-id="1474f0e2" data-element_type="widget" data-e-type="widget" data-widget_type="text-editor.default">
				<div class="elementor-widget-container">
									<p>BRAGANÇA</p>								</div>
				</div>
				<div class="elementor-element elementor-element-696521cf elementor-widget elementor-widget-text-editor" data-id="696521cf" data-element_type="widget" data-e-type="widget" data-widget_type="text-editor.default">
				<div class="elementor-widget-container">
									<h4><b>Património</b></h4><p>Bragança conserva um património ímpar, num centro histórico compacto, que facilmente se percorre a pé. As suas pedras gastas são testemunhas de uma História atribulada, que remonta à Idade do Bronze. Por aqui passaram romanos, suevos e visigodos, prosseguindo com combates que ajudaram a estabelecer as linhas de fronteira e a importância estratégica do burgo.</p><h4><b>Cultura</b></h4><p>Em Bragança, os caminhos para o futuro assentam em tradições com origens milenares. Nesta cidade dinâmica, com uma eclética oferta cultural, a arquitetura contemporânea convive com desfiles de caretos (mascarados que evocam rituais de iniciação) e os vários museus expõem tanto a herança etnográfica da região como as últimas criações de artistas consagrados.</p><h4><b>Natureza</b></h4><p>Poucos territórios possuem biodiversidade tão rica como o Parque Natural de Montesinho, situado às portas de Bragança. Com oitenta por cento dos mamíferos que ocorrem em Portugal, só aqui se poderá deparar com um grupo de veados junto à estrada, avistar um corço a alimentar-se num carvalhal, descobrir sinais da presença de javalis num prado ou escutar o uivo de um lobo.</p><h4><b>Gastronomia</b></h4><p>A gastronomia de Bragança destaca-se pela qualidade dos seus produtos, com sabores e aromas que parecem exalar das paisagens de onde provêm. A confeção simples é orientada por mãos sábias, que conhecem bem a origem dos ingredientes, muitas vezes trazidos directamente da horta para a cozinha.</p>								</div>
				</div>
				<div class="elementor-element elementor-element-e1ccfbf elementor-widget elementor-widget-spacer" data-id="e1ccfbf" data-element_type="widget" data-e-type="widget" data-widget_type="spacer.default">
				<div class="elementor-widget-container">
							<div class="elementor-spacer">
			<div class="elementor-spacer-inner"></div>
		</div>
						</div>
				</div>
					</div>
		</div>
				<div class="elementor-column elementor-col-16 elementor-top-column elementor-element elementor-element-6d2c68f8" data-id="6d2c68f8" data-element_type="column" data-e-type="column">
			<div class="elementor-widget-wrap">
							</div>
		</div>
					</div>
		</section>
				</div>

<p>BRAGANÇA Património Bragança conserva um património ímpar, num centro histórico compacto, que facilmente se percorre a pé. As suas pedras gastas são testemunhas de uma História atribulada, que remonta à Idade do Bronze. Por aqui passaram romanos, suevos e visigodos, prosseguindo com combates que ajudaram a estabelecer as linhas de fronteira e a importância estratégica [&hellip;]</p>
