{"id":16486,"date":"2024-08-21T16:13:03","date_gmt":"2024-08-21T16:13:03","guid":{"rendered":"https:\/\/lab.classicfest.pt\/?post_type=artista&#038;p=16486"},"modified":"2025-08-25T16:33:07","modified_gmt":"2025-08-25T16:33:07","slug":"geirthrudur-gudmundsdottir","status":"publish","type":"artista","link":"https:\/\/classicfest.pt\/pt\/artista\/geirthrudur-gudmundsdottir\/","title":{"rendered":"Geirthrudur Gudmundsdottir"},"content":{"rendered":"\n<p>Elogiada pela sua forma de tocar &#8220;\u00e1gil e apaixonada&#8221;, pela sua &#8220;maturidade not\u00e1vel&#8221;, assim como pela &#8220;interpreta\u00e7\u00e3o sincera e honesta&#8221;, a violoncelista isl\u00e2ndico-americana Geirthrudur Gudmundsdottir j\u00e1 se apresentou em salas de refer\u00eancia internacional como o Carnegie Hall em Nova Iorque e o Southbank Centre em Londres. Tocou ainda, enquanto solista, com a Orquestra Sinf\u00f3nica da Isl\u00e2ndia e com a Orquestra Sinf\u00f3nica da Royal Academy of Music de Londres, entre outras.&nbsp;<\/p>\n\n\n\n<p>Graduou-se na Juilliard School em Nova Iorque, na Northwestern University em Illinois e na Royal Academy of Music em Londres. A sua apresenta\u00e7\u00e3o no Harpa Concert Hall das seis Su\u00edtes para Violoncelo de Bach foi aclamada como &#8220;uma experi\u00eancia impressionante&#8221; (Fr\u00e9ttabladid, Isl\u00e2ndia).<\/p>\n\n\n\n<p>Geirthrudur conquistou pr\u00e9mios em diversos concursos, incluindo o Concurso Internacional de Violoncelo Anton Rubinstein, o Concurso Hellam Young Artist e o Concurso da Associa\u00e7\u00e3o Internacional de Artistas de Nova Iorque.&nbsp;<\/p>\n\n\n\n<p>Foi premiada com a Medalha de Ouro e o Grande Pr\u00e9mio no Concurso de M\u00fasica de C\u00e2mara Fischoff e apresentou-se no Banff International String Quartet Competition de 2022, com o Quarteto de Cordas Terra String.&nbsp;<\/p>\n\n\n\n<p>Al\u00e9m do seu trabalho como violoncelista moderna, Geirthrudur tem um grande interesse em interpreta\u00e7\u00e3o historicamente informada e em direc\u00e7\u00e3o musical. Estudou violoncelo barroco com Phoebe Carrai e Tanya Tompkins e apresentou-se no Valley of the Moon Music Festival, na Calif\u00f3rnia.&nbsp;<\/p>\n\n\n\n<p>Estreou-se como maestrina com a Orquestra Sinf\u00f3nica da Isl\u00e2ndia em 2023, como membro da Academia de Dire\u00e7\u00e3o Musical da orquestra.<br>Para al\u00e9m da sua paix\u00e3o pela m\u00fasica, Geirthrudur tem um gosto especial por literatura, fotografia e xadrez.<\/p>\n","protected":false},"featured_media":17022,"template":"","categories":[49],"ano":[9,7],"com-pagina":[],"class_list":["post-16486","artista","type-artista","status-publish","has-post-thumbnail","hentry","category-pagina_artistas","ano-9","ano-corrente","entry","has-media"],"acf":[],"_links":{"self":[{"href":"https:\/\/classicfest.pt\/pt\/wp-json\/wp\/v2\/artista\/16486","targetHints":{"allow":["GET"]}}],"collection":[{"href":"https:\/\/classicfest.pt\/pt\/wp-json\/wp\/v2\/artista"}],"about":[{"href":"https:\/\/classicfest.pt\/pt\/wp-json\/wp\/v2\/types\/artista"}],"wp:featuredmedia":[{"embeddable":true,"href":"https:\/\/classicfest.pt\/pt\/wp-json\/wp\/v2\/media\/17022"}],"wp:attachment":[{"href":"https:\/\/classicfest.pt\/pt\/wp-json\/wp\/v2\/media?parent=16486"}],"wp:term":[{"taxonomy":"category","embeddable":true,"href":"https:\/\/classicfest.pt\/pt\/wp-json\/wp\/v2\/categories?post=16486"},{"taxonomy":"ano","embeddable":true,"href":"https:\/\/classicfest.pt\/pt\/wp-json\/wp\/v2\/ano?post=16486"},{"taxonomy":"com-pagina","embeddable":true,"href":"https:\/\/classicfest.pt\/pt\/wp-json\/wp\/v2\/com-pagina?post=16486"}],"curies":[{"name":"wp","href":"https:\/\/api.w.org\/{rel}","templated":true}]}}

<p>Elogiada pela sua forma de tocar &#8220;ágil e apaixonada&#8221;, pela sua &#8220;maturidade notável&#8221;, assim como pela &#8220;interpretação sincera e honesta&#8221;, a violoncelista islândico-americana Geirthrudur Gudmundsdottir já se apresentou em salas de referência internacional como o Carnegie Hall em Nova Iorque e o Southbank Centre em Londres. Tocou ainda, enquanto solista, com a Orquestra Sinfónica da Islândia e com a Orquestra Sinfónica da Royal Academy of Music de Londres, entre outras.&nbsp;</p>



<p>Graduou-se na Juilliard School em Nova Iorque, na Northwestern University em Illinois e na Royal Academy of Music em Londres. A sua apresentação no Harpa Concert Hall das seis Suítes para Violoncelo de Bach foi aclamada como &#8220;uma experiência impressionante&#8221; (Fréttabladid, Islândia).</p>



<p>Geirthrudur conquistou prémios em diversos concursos, incluindo o Concurso Internacional de Violoncelo Anton Rubinstein, o Concurso Hellam Young Artist e o Concurso da Associação Internacional de Artistas de Nova Iorque.&nbsp;</p>



<p>Foi premiada com a Medalha de Ouro e o Grande Prémio no Concurso de Música de Câmara Fischoff e apresentou-se no Banff International String Quartet Competition de 2022, com o Quarteto de Cordas Terra String.&nbsp;</p>



<p>Além do seu trabalho como violoncelista moderna, Geirthrudur tem um grande interesse em interpretação historicamente informada e em direcção musical. Estudou violoncelo barroco com Phoebe Carrai e Tanya Tompkins e apresentou-se no Valley of the Moon Music Festival, na Califórnia.&nbsp;</p>



<p>Estreou-se como maestrina com a Orquestra Sinfónica da Islândia em 2023, como membro da Academia de Direção Musical da orquestra.<br>Para além da sua paixão pela música, Geirthrudur tem um gosto especial por literatura, fotografia e xadrez.</p>
